 Suppose -8*a = -v*a - 72. Calculate the remainder when a is divided by 7.
4
Let v(b) = b**2 + 4*b + 2. Let p = 10 + 11. Suppose 22*g - p*g = 3. What is the remainder when g is divided by v(-4)?
1
Let c = -365 - -746. Let s = c - 261. What is the remainder when s is divided by 41?
38
Let l(o) = -3*o. What is the remainder when ((-136)/(-24))/((-3)/(-18)) is divided by l(-4)?
10
Suppose -140*w + 210 = -139*w. Suppose -4*t - 3*b + w = -t, 347 = 5*t + 2*b. Suppose -56 = -0*d - 4*d. Calculate the remainder when t is divided by d.
13
Suppose -118 - 254 = -5*n + a, -3*a = 3*n - 216. Suppose -n = -5*d + 41. Calculate the remainder when 1/2 - (861/(-14) + -5) is divided by d.
21
Suppose 0 = 2*l - 3*d + 6, d + 2 = -4*l + 2*d. Suppose 27 = 3*u - 5*z, -3*u + 3*z + 21 = -l*z. What is the remainder when 14 is divided by u?
2
Let l be (((-84)/(-16))/7)/((-6)/(-16)). What is the remainder when ((-497)/14)/(l/4)*-1 is divided by 18?
17
Let w(c) = 30*c + 165. Let n = 1 - -7. What is the remainder when w(-5) is divided by n?
7
Suppose -5*a + 589 = -o, -7*o = -5*a - 10*o + 573. Calculate the remainder when 1050 is divided by a.
114
Let p = -796 - -849. What is the remainder when p is divided by 22?
9
Suppose 204 = 277*w - 273*w. What is the remainder when w is divided by 13?
12
Let k = 148 - -32. What is the remainder when k is divided by 21?
12
Suppose -13 = -p + 5*a, 0 = -3*a + 4*a - 5. What is the remainder when 112 is divided by p?
36
Let f(d) = -d**2 - 8*d - 6. Suppose -5 = 5*t, -n - 3*t = -6*t + 3. Calculate the remainder when 69 is divided by f(n).
3
Let j = -50 + 42. What is the remainder when (j + -2)/((-4)/28) is divided by 8?
6
Suppose -26*w = -23*w - 108. Suppose -24 = 5*a + w. Calculate the remainder when 43 is divided by 4/(-6) + (-272)/a.
21
Let x(c) = c**3 - 7*c**2 + 7*c - 6. Let f be x(6). Suppose 0*m - 3*m = f. Suppose m = -r + 2*r - 9. Calculate the remainder when 61 is divided by r.
7
Let r(f) = -30*f - 70. Calculate the remainder when r(-7) is divided by 71.
69
Suppose 31*p - 1506 = 25*p. What is the remainder when p is divided by 14?
13
Suppose -5*a + d + 97 = -4*a, -4*a = d - 388. Suppose 0 = -2*y - 2*y - q + 84, -5*q = -y. Calculate the remainder when a is divided by y.
17
Suppose -2*g - 23 + 99 = -2*j, 0 = -2*g - j + 79. What is the remainder when 126 is divided by g?
9
What is the remainder when 248 is divided by 82 - ((-14)/9 + 44/(-99))?
80
Let o(s) = s + 23. Let j be (-4)/12 - (-484)/12. Suppose -6*l = -l - j. Calculate the remainder when o(0) is divided by l.
7
Suppose 8*p - 639 = 249. What is the remainder when p is divided by 38?
35
What is the remainder when (3 - 1) + 7/(7/10) is divided by 5?
2
Suppose 5*s + 3*p = 65, -2*s = -5*s + 2*p + 20. Suppose -10*m + 14*m = 5*v + 36, -4*m + v + 20 = 0. Calculate the remainder when s is divided by m.
2
Let s = -872 + 882. Calculate the remainder when 176 is divided by s.
6
Let k = 66 - 66. Suppose -l - 12 + 23 = k. What is the remainder when 98 is divided by l?
10
Suppose -11915 + 1359 = -29*g. Calculate the remainder when g is divided by 23.
19
Let k = -24 + 14. Let o(f) = f**2 + 11*f + 14. Let h = 220 + -213. What is the remainder when h is divided by o(k)?
3
Let u = 244 + -91. Let x = -62 + u. Let k(z) = z**2 - 4*z + 2. What is the remainder when x is divided by k(7)?
22
Let x be (-1)/2*0/(-1). Suppose x*n = -5*c + 3*n + 50, 4*n + 45 = 5*c. Let f(l) = -2*l**2 - 36*l - 11. Calculate the remainder when f(-17) is divided by c.
10
Suppose -j - 11 = 2*n - 60, 3*j = 4*n - 113. What is the remainder when 52 is divided by n?
0
Suppose -2*g = z + 149, -295 = 4*g + 6*z - z. What is the remainder when 109 is divided by g/(-3) + (-3 - 0/(-2))?
21
Let a be (-28)/((-2 - -3)*-1). Let c be 1/(3 - 88/a). Let g = c - -9. Calculate the remainder when 7 is divided by g.
1
Let l(c) = -c**2 - 12*c - 5. Let r be l(-12). Let w be ((-44)/(-6))/(r/(-30)). Calculate the remainder when -4 - (3/1 - w) is divided by 19.
18
Suppose -4*d + d - 4*k = 71, -4*k = -4. Let f be (-37)/((-1665)/2600) + 4/18. Let o = f + d. What is the remainder when 131 is divided by o?
32
Suppose -3*c + 2937 = 5*a, 4*c - 876 - 884 = -3*a. Suppose 5*g = 177 + a. What is the remainder when g is divided by 52?
49
Suppose 33 = 3*w - 270. Suppose 3*t = -4*c + 43, -3*c + c + t + 29 = 0. What is the remainder when w is divided by c?
10
Suppose 2*y = 5*l - 2*l - 17, -5*y - 8 = 4*l. Suppose h + 0*h - 24 = -3*f, 2*h - 3 = 3*f. What is the remainder when 43 is divided by l*(0 - (-33)/h)?
10
Suppose -20*n + 120 = 4*n. Let z(s) = -s**3 + s**2 + 2*s. Calculate the remainder when z(-2) is divided by n.
3
Let y(v) be the first derivative of 3*v**4/4 + v**3 - 3*v**2/2 + 3*v - 21. Calculate the remainder when y(2) is divided by 18.
15
Suppose -r - 76 = -5*h + 54, -3*r = -h + 40. Calculate the remainder when 148 is divided by h.
23
Let r(a) = -2*a - 12. Calculate the remainder when 100 is divided by r(-9).
4
Suppose 49*x - 35*x = 350. What is the remainder when 45 is divided by x?
20
Let i(k) = -k**2 - 13*k + 4. Calculate the remainder when 82 is divided by i(-9).
2
Suppose -291 + 79 = -4*r. Let c(u) = -u**3 - 5*u**2 + 6*u + 11. Calculate the remainder when r is divided by c(-6).
9
Let b(z) = 2*z**2 + z + 2. Let p be b(-2). Suppose p*k + 32 = 10*k. Calculate the remainder when 29 is divided by k.
13
Let t(a) = -2*a**2 + 13*a + 2. Suppose 10*r = 8*r + 40. Calculate the remainder when r is divided by t(6).
4
Suppose 4*p - 78 = 4*t - 246, 2*t - 86 = 3*p. Let u = -17 + t. Calculate the remainder when 90 is divided by u.
21
Let z(g) = -2*g**2 - 16*g - 4. Calculate the remainder when 500/18 + (-8)/(-36) is divided by z(-7).
8
Let p(a) = 17*a + 3. Let z be p(1). Suppose o - 3*o + z = q, 17 = q - o. Calculate the remainder when 141 is divided by q.
15
Let o(p) = 27*p**2 + p. Suppose -3*s - i - 8 = -8*s, -5*s = i - 2. Calculate the remainder when (132/(-15))/(4/(-50)) is divided by o(s).
26
Let t = -4 - -11. Let d = 15 - t. Suppose 0 = -15*g + 14*g + d. What is the remainder when 23 is divided by g?
7
Suppose 155 = 414*u - 409*u. What is the remainder when u is divided by 2?
1
Let x = -5 - -8. Suppose 7 = 2*f + x, 0 = -4*v + 3*f - 14. Calculate the remainder when (-119)/v + 15/10 is divided by 16.
13
Let b(c) = 9*c. Suppose 0 = 2*y - 2*p - 8, y - 4*p = 2 + 8. What is the remainder when 35 is divided by b(y)?
17
Suppose 2*u = -5*p + 878, -1622 - 573 = -5*u + 5*p. Calculate the remainder when u is divided by 88.
87
Let b = -380 + 706. Calculate the remainder when b is divided by 66.
62
Suppose -52 + 206 = -7*q. Let y = q + 47. Let z = 0 + 7. What is the remainder when y is divided by z?
4
Suppose -4*f + 5*y + 414 = 0, 2 = -3*y + 2*y. Suppose -f - 65 = -3*d - 5*b, -d = -2*b - 70. Calculate the remainder when d is divided by 21.
20
Let h(x) = 2*x**2 - 3*x + 11. What is the remainder when h(8) is divided by 39?
37
Let u(m) = 1 - m**3 + 2*m + 0*m**3 - 7*m + 11*m**2. Calculate the remainder when u(4) is divided by 12/(-30) - 902/(-55).
13
Let h(v) = 48*v - 162. What is the remainder when 59 is divided by h(4)?
29
Let o be (6/4)/((-30)/(-100)). Suppose -138 = -o*d + 332. Let q = 141 - d. Calculate the remainder when q is divided by 16.
15
Calculate the remainder when -473*(7 - 24*8/24) is divided by 95.
93
Let u(d) = -6*d - 37. Let j be u(-17). Suppose 0 = 4*g - j + 9. Calculate the remainder when 95 is divided by g.
11
Suppose -229*h - 94 = -234*h + 2*i, 82 = 5*h + 4*i. Suppose 260 = -3*n - 2*b, 4*b = 6*b + 2. Let m = n + 139. What is the remainder when m is divided by h?
17
Let p be (405/36)/((-3)/(-8)). Let i = 45 + 0. What is the remainder when i is divided by 375/p - 1/2?
9
Suppose 0 = -5*z + 7*o - 305 + 798, -3*z + 302 = 2*o. What is the remainder when 399 is divided by z?
99
Suppose 2*k + 4*k = 0. Suppose k = 2*t - 6*t - 56. Let l = -3 - t. What is the remainder when 32 is divided by l?
10
Let h = 62 + -28. Suppose -2*o + 7*o - 39 = -4*u, -5*u = o - 33. What is the remainder when h is divided by u?
4
Suppose 1833 = 9*f + 294. What is the remainder when f is divided by 46?
33
Let t(h) = -24*h - 7. Suppose -2*d = -5*g - 13, -6*g + 4 = 2*d - 8*g. Calculate the remainder when t(d) is divided by 10.
7
Let y = -41 + 50. Let b = -2 + y. Calculate the remainder when -1 + 